{"id":113,"date":"2013-08-07T15:26:31","date_gmt":"2013-08-07T15:26:31","guid":{"rendered":"http:\/\/philippe-clicq.net\/?page_id=113"},"modified":"2022-07-23T09:41:31","modified_gmt":"2022-07-23T09:41:31","slug":"expositions","status":"publish","type":"page","link":"https:\/\/philippe-clicq.net\/?page_id=113","title":{"rendered":"Expositions"},"content":{"rendered":"\n<p>2022<br>. Art3F Nantes<br>. Art Nice Expo<br>. Galerie Sophie Dupeyrat (V\u00e9theuil)<br>. Galerie GAAMA (N\u00e9rac)<\/p>\n\n\n\n<p>2021<br>. M\u00e9tamorphose 2021 (Paris)<br>. Expo4art (Paris)<br>. Art shopping (Deauville)<br>. Expo4art (Paris)<br>. Art3F Paris<br>. Les chevalets de la Magdeleine (Martres Tolosane)<\/p>\n\n\n\n<p>2020<br>. Galerie L&rsquo;Artelier (Tarbes)<br>. Les vendanges de l&rsquo;art (Leucate)<br>. L&rsquo;Apostrophe (Montolieu)<br>. Salon d&rsquo;hiver (Alzonne)<br>. Art3F Toulouse<\/p>\n\n\n\n<p><span style=\"font-family: verdana,geneva; font-size: 10pt;\">2019<br>. Art 3F Toulouse<br>. Salon d&rsquo;hiver de L\u00e9guevin (Invit\u00e9 d&rsquo;honneur)<\/span><br>. Exposition personnelle (Castanet Tolosan)<br>. Artistes \u00e0 suivre (Aude)<br>. 23\u00e8me salon de Saint Sever de Rustan<br>. Galerie L&rsquo;Artcolab (Quillan)<br>. L&rsquo;art au bout des doigts &#8211; Queyssac<br>. Galerie B (Sainte Eulalie d&rsquo;Olt)<span style=\"font-family: verdana,geneva; font-size: 10pt;\"><br><\/span><\/p>\n\n\n\n<p><span style=\"font-family: verdana,geneva; font-size: 10pt;\">2018<br>. Artempo &#8211; Cugnaux (Prix du Jeune public)<br>. Art3F Toulouse<br>. Salon de printemps &#8211; Castres<br>. Galerie La Moza\u00efque &#8211; Saint-Jean<br>. Festiv&rsquo;arts &#8211; Arros de Nay &#8211; (Prix des galeries)<br>. Festival L&rsquo;art au mieux &#8211; La Romieu<br>. L&rsquo;art au bout des doigts &#8211; Queyssac<br>. Galerie Maison Gramond &#8211; Fanjeaux<br>. Salon L&rsquo;art en Cenne &#8211; Cenne Monesti\u00e9s<br>. 10 \u00e8me Forum de l&rsquo;art &#8211; Saint G\u00e9ly du Fesc (Prix de peinture)<br>. Galerie du Passage &#8211; P\u00e9rigueux<br>. Galerie Pietro Barrosso &#8211; Nay<\/span><\/p>\n\n\n\n<p>2017<br>. L&rsquo;Art au bout des doigts &#8211; Queyssac<br>. Art&rsquo;Gelos &#8211; Gelos<br>. Salon d&rsquo;automne de Colomiers (Prix Henri Molina)<br>. Les muses d&rsquo;Europe &#8211; L&rsquo;Isle Jourdain (Prix de la ville)<\/p>\n\n\n\n<p>2016<br>. Salon de peinture de Muret<br>. L&rsquo;Art au bout des doigts &#8211; Queyssac<br>. Salon d&rsquo;automne d&rsquo;Albi<\/p>\n\n\n\n<p>2015<br>. L&rsquo;Art au bout des doigts &#8211; Queyssac<\/p>\n\n\n\n<p>2013<br>. Salon de peinture de Muret<\/p>\n\n\n\n<p>1995<br>. 72e Salon des artistes m\u00e9ridionaux de Toulouse<br>. Exposition priv\u00e9e<\/p>\n\n\n\n<p>1994<br>. Galerie Art et cadres &#8211; Toulouse<\/p>\n\n\n\n<p>1993<br>. Expositions priv\u00e9es &#8211; Toulouse<\/p>\n\n\n\n<p>1992<br>. Librairie Parenth\u00e8ses &#8211; Toulouse<br>. Festival racines &#8211; Toulouse<\/p>\n\n\n\n<p>1991<br>. 4e concours international des arts plastiques &#8211; Toulouse<br>. 68e salon des artistes m\u00e9ridionaux de Toulouse<\/p>\n\n\n\n<p>1990<br>. Galerie Corinne Le Monnier &#8211; Le Havre<\/p>\n\n\n\n<p>1989<br>. Galerie Alfa &#8211; le Havre<br>. R\u00e9alisation d&rsquo;une fresque (300 m2) &#8211; Entreprise Point P &#8211; Caen<\/p>\n\n\n\n<p>1988<br>. 5e Biennale du Havre<br>. Salon des artistes ind\u00e9pendants du Languedoc &#8211; 2e prix<br>. Salon de la jeune peinture &#8211; Grand Palais<br>. Galerie Espace Berger &#8211; Luchon \u00ab\u00a0Les figuratifs fran\u00e7ais\u00a0\u00bb<br>. Galerie Expression &#8211; Toulouse<\/p>\n\n\n\n<p>1987<br>. 6e Salon des arts de l&rsquo;Union &#8211; 1er prix<br>. 5e Salon d&rsquo;automne de peinture de Luchon<\/p>\n\n\n\n<p>1986<br>. 4e Biennale du Havre<br>. 4e Salon d&rsquo;Automne de peinture de Luchon &#8211; Prix Fran\u00e7ois D\u00e9nard<br>. 63e Salon des artistes m\u00e9ridionaux de Toulouse<\/p>\n\n\n\n<p><span style=\"font-family: verdana,geneva; font-size: 10pt;\">1985<br>. Galerie Sub Espace &#8211; Le Havre<br>. <\/span><span style=\"font-family: verdana,geneva; font-size: 10pt;\">Galerie Alfa &#8211; le Havre<\/span><\/p>\n\n\n\n<p><span style=\"font-size: 10pt;\"><span style=\"font-family: verdana,geneva;\">&nbsp;<\/span><\/span><\/p>\n\n\n\n<p><span style=\"font-family: verdana,geneva; font-size: 10pt;\">&nbsp;<\/span><\/p>\n\n\n\n<p><span style=\"font-family: verdana,geneva; font-size: 10pt;\">&nbsp;<\/span><\/p>\n\n\n\n<p><span style=\"font-size: 10pt;\"> <span style=\"font-family: verdana,geneva;\"><br><\/span><\/span><\/p>\n\n\n\n<p><span style=\"font-family: verdana,geneva;\">&nbsp;<\/span><\/p>\n\n\n\n<p><span style=\"font-family: verdana,geneva; font-size: 12px;\">&nbsp;<\/span><\/p>\n","protected":false},"excerpt":{"rendered":"<p>2022. Art3F Nantes. Art Nice Expo. Galerie Sophie Dupeyrat (V\u00e9theuil). Galerie GAAMA (N\u00e9rac) 2021. M\u00e9tamorphose 2021 (Paris). Expo4art (Paris). Art shopping (Deauville). Expo4art (Paris). Art3F Paris. Les chevalets de la Magdeleine (Martres Tolosane) 2020. Galerie L&rsquo;Artelier (Tarbes). Les vendanges de l&rsquo;art (Leucate). L&rsquo;Apostrophe (Montolieu). Salon d&rsquo;hiver (Alzonne). Art3F Toulouse 2019. Art 3F Toulouse. Salon d&rsquo;hiver [&hellip;]<\/p>\n","protected":false},"author":1,"featured_media":0,"parent":0,"menu_order":0,"comment_status":"closed","ping_status":"open","template":"","meta":{"footnotes":""},"class_list":["post-113","page","type-page","status-publish","hentry"],"_links":{"self":[{"href":"https:\/\/philippe-clicq.net\/index.php?rest_route=\/wp\/v2\/pages\/113","targetHints":{"allow":["GET"]}}],"collection":[{"href":"https:\/\/philippe-clicq.net\/index.php?rest_route=\/wp\/v2\/pages"}],"about":[{"href":"https:\/\/philippe-clicq.net\/index.php?rest_route=\/wp\/v2\/types\/page"}],"author":[{"embeddable":true,"href":"https:\/\/philippe-clicq.net\/index.php?rest_route=\/wp\/v2\/users\/1"}],"replies":[{"embeddable":true,"href":"https:\/\/philippe-clicq.net\/index.php?rest_route=%2Fwp%2Fv2%2Fcomments&post=113"}],"version-history":[{"count":63,"href":"https:\/\/philippe-clicq.net\/index.php?rest_route=\/wp\/v2\/pages\/113\/revisions"}],"predecessor-version":[{"id":819,"href":"https:\/\/philippe-clicq.net\/index.php?rest_route=\/wp\/v2\/pages\/113\/revisions\/819"}],"wp:attachment":[{"href":"https:\/\/philippe-clicq.net\/index.php?rest_route=%2Fwp%2Fv2%2Fmedia&parent=113"}],"curies":[{"name":"wp","href":"https:\/\/api.w.org\/{rel}","templated":true}]}}

<p>2022<br>. Art3F Nantes<br>. Art Nice Expo<br>. Galerie Sophie Dupeyrat (Vétheuil)<br>. Galerie GAAMA (Nérac)</p>



<p>2021<br>. Métamorphose 2021 (Paris)<br>. Expo4art (Paris)<br>. Art shopping (Deauville)<br>. Expo4art (Paris)<br>. Art3F Paris<br>. Les chevalets de la Magdeleine (Martres Tolosane)</p>



<p>2020<br>. Galerie L&rsquo;Artelier (Tarbes)<br>. Les vendanges de l&rsquo;art (Leucate)<br>. L&rsquo;Apostrophe (Montolieu)<br>. Salon d&rsquo;hiver (Alzonne)<br>. Art3F Toulouse</p>



<p><span style="font-family: verdana,geneva; font-size: 10pt;">2019<br>. Art 3F Toulouse<br>. Salon d&rsquo;hiver de Léguevin (Invité d&rsquo;honneur)</span><br>. Exposition personnelle (Castanet Tolosan)<br>. Artistes à suivre (Aude)<br>. 23ème salon de Saint Sever de Rustan<br>. Galerie L&rsquo;Artcolab (Quillan)<br>. L&rsquo;art au bout des doigts &#8211; Queyssac<br>. Galerie B (Sainte Eulalie d&rsquo;Olt)<span style="font-family: verdana,geneva; font-size: 10pt;"><br></span></p>



<p><span style="font-family: verdana,geneva; font-size: 10pt;">2018<br>. Artempo &#8211; Cugnaux (Prix du Jeune public)<br>. Art3F Toulouse<br>. Salon de printemps &#8211; Castres<br>. Galerie La Mozaïque &#8211; Saint-Jean<br>. Festiv&rsquo;arts &#8211; Arros de Nay &#8211; (Prix des galeries)<br>. Festival L&rsquo;art au mieux &#8211; La Romieu<br>. L&rsquo;art au bout des doigts &#8211; Queyssac<br>. Galerie Maison Gramond &#8211; Fanjeaux<br>. Salon L&rsquo;art en Cenne &#8211; Cenne Monestiés<br>. 10 ème Forum de l&rsquo;art &#8211; Saint Gély du Fesc (Prix de peinture)<br>. Galerie du Passage &#8211; Périgueux<br>. Galerie Pietro Barrosso &#8211; Nay</span></p>



<p>2017<br>. L&rsquo;Art au bout des doigts &#8211; Queyssac<br>. Art&rsquo;Gelos &#8211; Gelos<br>. Salon d&rsquo;automne de Colomiers (Prix Henri Molina)<br>. Les muses d&rsquo;Europe &#8211; L&rsquo;Isle Jourdain (Prix de la ville)</p>



<p>2016<br>. Salon de peinture de Muret<br>. L&rsquo;Art au bout des doigts &#8211; Queyssac<br>. Salon d&rsquo;automne d&rsquo;Albi</p>



<p>2015<br>. L&rsquo;Art au bout des doigts &#8211; Queyssac</p>



<p>2013<br>. Salon de peinture de Muret</p>



<p>1995<br>. 72e Salon des artistes méridionaux de Toulouse<br>. Exposition privée</p>



<p>1994<br>. Galerie Art et cadres &#8211; Toulouse</p>



<p>1993<br>. Expositions privées &#8211; Toulouse</p>



<p>1992<br>. Librairie Parenthèses &#8211; Toulouse<br>. Festival racines &#8211; Toulouse</p>



<p>1991<br>. 4e concours international des arts plastiques &#8211; Toulouse<br>. 68e salon des artistes méridionaux de Toulouse</p>



<p>1990<br>. Galerie Corinne Le Monnier &#8211; Le Havre</p>



<p>1989<br>. Galerie Alfa &#8211; le Havre<br>. Réalisation d&rsquo;une fresque (300 m2) &#8211; Entreprise Point P &#8211; Caen</p>



<p>1988<br>. 5e Biennale du Havre<br>. Salon des artistes indépendants du Languedoc &#8211; 2e prix<br>. Salon de la jeune peinture &#8211; Grand Palais<br>. Galerie Espace Berger &#8211; Luchon « Les figuratifs français »<br>. Galerie Expression &#8211; Toulouse</p>



<p>1987<br>. 6e Salon des arts de l&rsquo;Union &#8211; 1er prix<br>. 5e Salon d&rsquo;automne de peinture de Luchon</p>



<p>1986<br>. 4e Biennale du Havre<br>. 4e Salon d&rsquo;Automne de peinture de Luchon &#8211; Prix François Dénard<br>. 63e Salon des artistes méridionaux de Toulouse</p>



<p><span style="font-family: verdana,geneva; font-size: 10pt;">1985<br>. Galerie Sub Espace &#8211; Le Havre<br>. </span><span style="font-family: verdana,geneva; font-size: 10pt;">Galerie Alfa &#8211; le Havre</span></p>



<p><span style="font-size: 10pt;"><span style="font-family: verdana,geneva;">&nbsp;</span></span></p>



<p><span style="font-family: verdana,geneva; font-size: 10pt;">&nbsp;</span></p>



<p><span style="font-family: verdana,geneva; font-size: 10pt;">&nbsp;</span></p>



<p><span style="font-size: 10pt;"> <span style="font-family: verdana,geneva;"><br></span></span></p>



<p><span style="font-family: verdana,geneva;">&nbsp;</span></p>



<p><span style="font-family: verdana,geneva; font-size: 12px;">&nbsp;</span></p>

<p>2022. Art3F Nantes. Art Nice Expo. Galerie Sophie Dupeyrat (Vétheuil). Galerie GAAMA (Nérac) 2021. Métamorphose 2021 (Paris). Expo4art (Paris). Art shopping (Deauville). Expo4art (Paris). Art3F Paris. Les chevalets de la Magdeleine (Martres Tolosane) 2020. Galerie L&rsquo;Artelier (Tarbes). Les vendanges de l&rsquo;art (Leucate). L&rsquo;Apostrophe (Montolieu). Salon d&rsquo;hiver (Alzonne). Art3F Toulouse 2019. Art 3F Toulouse. Salon d&rsquo;hiver [&hellip;]</p>
